(-22 + -2 - (-37 + -3 + 30))?
-3
(-9 - -9) + (-7 - 9) - -21 - (11 + -116)
110
Evaluate (55 - -1) + (26 - (26 - -12)) + 9.
53
(10 - 32) + (-12 - (17 + (-37 - -21)))
-35
Calculate 0 + -15 - (18 + (-2 - 48)).
17
Evaluate -16 - (82 + -6 + (-20 - (26 - 25))).
-71
What is the value of (61 - (16 - -13 - (-5 + 11))) + -9?
29
Evaluate 1047 + -1051 + (-1 - 2) + 5 + (35 - -2).
35
Calculate 7 + -1 - (71 + 39 + -66).
-38
55 - (-6 + 4 + -3 + 8 + -12)
64
What is (-9 - -54) + (-71 - -22)?
-4
What is the value of -1 + -10 - -5 - (-75 + (7 + -13 - -1))?
74
7 + -41 + 16 + 7 + (52 - -9)
50
Evaluate -29 - (-1234 + 1226 + (-20 - 1)).
0
596 - 449 - (-3 + 124)
26
Evaluate 62 + (3 + -37 - 19).
9
What is (12 - 21 - -14 - 8) + -37?
-40
What is the value of -7 - (4 + -4) - (-10 + (23 - 13 - -2))?
-9
Calculate 0 + 62 - (1795 - 1792).
59
Evaluate 69 + -59 - (0 - (-16 - -35)).
29
Calculate (3 - (24 - 7)) + (3 - -2) + -20 + 0.
-29
-83 + -13 + (-8 - -23) + -7 + 10
-78
What is -35 - (-20 - 17) - (-1 + (-9 - -2))?
10
Evaluate -24 - (-145 - -114) - 25.
-18
What is (-113 + (-132 - -133) - (0 - -2 - -4)) + 8?
-110
Calculate -383 - -373 - (2 - -1 - 27).
14
Evaluate (-32 - (-95 + 31) - 37) + 73 + 0.
68
Evaluate (20 - (-1 + 2 + 15)) + 19.
23
What is the value of 0 + 10 + -1 + 1 - -23 - -4?
37
What is the value of (1 + 0 + (2 - -4) - -4) + -103 + 167?
75
Evaluate 99 - 92 - ((10 - -81) + -6).
-78
What is the value of -9 - ((-44 - -75) + -85)?
45
-2 + 24 + (-153 + -75 - -111)
-95
42 - ((-27 - 7) + (-36 - -25))
87
Calculate 75 + 34 + (-45 - -37 - -21).
122
What is the value of 182 + -191 + (-1 + -59 - (1 - -4))?
-74
Evaluate -19 + 9 + (-1 - -7) + 15.
11
Evaluate (-1 + -8 - -3) + (14 - (-21 - 0)).
29
What is -257 + 130 + 105 - (0 - -10)?
-32
What is (-1 + 3 - -1) + 26 + -44 + -47 + 33?
-29
Evaluate 28 + (-2 + -4 - (-8 - (-12 + 13) - -2)).
29
What is the value of -49 + 69 - ((-25 - -14) + 16)?
15
What is the value of -12 + -1 - (20 - (-8 + -15 + 15))?
-41
(2 + -2 - -19) + (-99 + 319 - 212)
27
21 - ((-25 - -21 - 3) + 49)
-21
What is the value of -14 + 2 + 34 + -31 + (7 - 1) + 22?
19
What is the value of 9 - (38 - (-77 - -115))?
9
What is 2 + (2 - 8) - (-107 - (-165 - -39))?
-23
What is 59 - (-41 + 47 + 52)?
1
Calculate (-371 - -368) + 1 + 6 - (2 + 27).
-25
What is 104 + -93 + 52 + 37?
100
What is the value of 18 + -12 + -7 + 23 - 6 - -61?
77
What is the value of (140 - 216) + 12 + 189?
125
Evaluate 1 - (-11 + 14) - (156 + -142).
-16
What is the value of -86 - -192 - (101 - -41)?
-36
Evaluate 37 + 7 + (-24 + 14 - (-16 + 0)) + -8.
42
What is the value of (1 - (2 + -58) - (96 - 95)) + (-35 - -31)?
52
What is the value of -15 + (0 - 6 - -3 - -2)?
-16
Calculate 9 - (237 + -224 + (-15 - -2)).
9
Evaluate 7 + ((1 - 0) + 65 + -64 - 9) - -5.
5
Evaluate 15 - -8 - (-41 + (-4 - -32)).
36
23 + (-82 - -151) + -86
6
-87 + (-104 + 97 - -81)
-13
What is the value of 902 + -908 + (27 - (3 + -6)) + 2?
26
Calculate (3 - 1) + (32 - 80 - -62).
16
What is the value of (-516 - -468) + 0 + 71?
23
Evaluate -3 - (-8 + -31 + -21 + (-1 - -7)) - -4.
55
Evaluate 26 - (6 - ((12 - 6) + -4)).
22
-10 - 23 - -33 - 4 - 11
-15
What is -5 + 13 + (51 - 23 - -3)?
39
Calculate -40 + (-4 - (-23 - -21)).
-42
What is the value of 43 + -35 + 25 + (0 - -4) + 9?
46
What is (7 - -18) + (24 - 12) - 10 - (3 + -6)?
30
-5 - -8 - -2 - ((-17 - -20) + -51 + 3)
50
14 + 4 + (6 - 27) + (24 - 14)
7
Evaluate -30 + (-48 - -77) - (2 + 20).
-23
What is 1 - (1 - 4) - (-3 + -1 + -12 + -9)?
29
-56 + (98 + -29 - 38)
-25
(1 - 3) + (54 + -18 + -42 - (12 - -1))
-21
Evaluate 0 + 0 - 10 - (110 + -117) - -46.
43
What is the value of -66 + 25 + -39 + 17 + (1 - 1)?
-63
Calculate -38 + 74 + -61 + 40.
15
(-11 - (-25 + 69)) + -2 + 12
-45
What is the value of 1 + 178 - (-20771 + 20829)?
121
What is 81 - 68 - (-6 + 3)?
16
What is the value of (-2 - -4) + (-107 - (109 + -227))?
13
What is -5 + (-43 - 1) + (6 - (13 + -8) - -9)?
-39
Calculate (-52 - (13 + -51) - 48) + -1 + 0 + 2.
-61
20 - 16 - (-1 - (-9 + 1) - -3)
-6
Evaluate -1 + 31 + 37 + 26 + -51.
42
-91 + 147 + -141 + 9
-76
Evaluate (32 - (4 + (9 - 5) + -6 - 4)) + 6.
40
What is the value of -1 + -12 - (57 + 24 + -147)?
53
Evaluate (-4 - -10 - (-7 - -4)) + (104 - 52).
61
What is -162 + 151 + -48 + 10 - (6 - (0 + 2))?
-53
What is (24 + -19 - 32) + 7 - -2?
-18
Calculate -6 + -9 + 27 + 256 + -317.
-49
What is the value of (-29 - 39) + (-30 - -83)?
-15
Calculate (3 - 22) + (82 - (6 - -139)).
-82
Evaluate (-1 - 30) + 59 + (41 - 114).
-45
Calculate 1 + -8 + 2 - ((-17 - (-39 + 37)) + 9).
1
Evaluate 18 + (158 - 140 - (56 - 1)).
-19
Evaluate -64 + (-55 + 140 - 2).
19
Evaluate 9 + -1 + (-5 + (-5 - -14) - 0) + -7.
5
What is (-27 - -1) + (27 + -10 - 6) - 4?
-19
What is the value of -5 + (0 - 1) + (198 - 81 - 125)?
-14
Calculate ((-8 - -14) + 17 - (9 - -4) - 24) + 8.
-6
Calculate (41 - -14 - 61) + -32.
-38
What is -4 - -155 - (4 - -2 - (49 - (101 + -57)))?
150
-17 - (58 - (-29 - -7))
-97
-22 - ((-41 - -68) + 3 + -2)
-50
(0 - -3) + 84 + 3 + 766 + -774
82
What is 35 + 11 + 1 + -20 + (5 - -4)?
36
Calculate 39 - (24 + 11 + -14) - 60.
-42
Calculate 35 + 48 + 10 + -67.
26
Evaluate -77 + 85 + 2 + 4 + -39.
-25
What is the value of -10 + (15 - (15 - -8) - (9 + -37))?
10
Evaluate (-318 - -281) + 49 + -60.
-48
What is (-44 + 25 - (-15 - -10)) + -16 - (-11 + 0)?
-19
What is (87 - 81) + -88 - -55?
-27
What is -313 + 339 + (-1 - 16) - -26?
35
16 - (-96 + 29) - -11
94
What is 19 + -17 + 18 - (-3 + -2 - -5)?
20
(4543 - 4564) + 2 + -1 + 26
6
45 - (0 + -18 + 371 + -337)
29
What is 28 + (-20 - (-4 - (-12 - -17 - 3)))?
14
What is the value of (-3 - (8 - (-2 + 1))) + (2 - (-10 + -59))?
59
Evaluate 4 - -12 - (-394 - -377).
33
(13 + -6 + -8 - 9 - (0 - -106)) + 7
-109
Evaluate -17 - (21 - 46) - (2 + (41 - -3) + -3).
-35
What is -39 + -45 + (26 - -7) + -11?
-62
-25 + -6 - ((34 - 27) + 3)
-41
Evaluate -2 + 31 + 5 + (-13 - (4 + 4 + -15)).
28
What is 14 - 11 - 25 - (-1 + 12)?
-33
Evaluate -11 + (-52 + 12 - -2) + 15.
-34
(-131 - -39) + (5 - (1 - (-5 - (1 + -1))))
-93
Calculate 0 + -141 + -2353 + 2423.
-71
What is -144 + 140 + -81 - (-10 - -5)?
-80
What is the value of -11 - (-18 - (11 + -10) - -13 - -5)?
-10
Evaluate 14 - (-2 + -16 - 10 - -103).
-61
What is the value of -6 + -78 - (-14 - (-29 + -4))?
-103
Calculate -31 - (-61 + 68 + -17 + (1 - 5)).
-17
-9 - (-37 - -31 - -14 - (-3 - 0))
-20
(63 - (-60 - -83)) + -66
-26
Calculate -34 + -58 + (29 - -10).
-53
Evaluate -8 + 36 + 20 + -3 + -10 + 4.
39
Calculate (13 + -2 - (-4 - (-27 + 4 - -36))) + 3.
31
What is -21 + 21 + (6 - 61)?
-55
0 + (69 + -50 - 2)
17
What is 31 - -2 - (1 + 1 - (-12 - (5 - 28)))?
42
What is the value of 599 + -609 + (20 - -1) - (-37 - -1)?
47
Calculate 16 - (43 - (3 - (-3 - -1))).
-22
What is (-1 - -3 - 17) + (390 - 402)?
-27
What is the value of (168 - (-34 - -186)) + -29?
-13
39 + -28 + 10 + -3 + 11
29
Evaluate 166 - (-36 - (-211 + 109)).
100
What is 26058 - 26212 - (1 - 95)?
-60
Calculate 41 + (-23 - (-19 - -6) - -12) + -3.
40
Calculate -1 - -5 - (1 - -3) - (30 + -15 - -12).
-27
Calculate 3 - 6 - ((7 - 48) + -3).
41
Calculate -12 + 3 - (27 + -14 + -8).
-14
-3 - (0 + (2 - (-6 + 4))) - (-98 + -25)
116
Evaluate -123 + 46 + 27 + 2.
-48
Calculate (-3 + 2 - (-4 - (-18 + 21))) + -3 + 62.
65
28 + 24 + (-14 - (-15 + 19))
34
Calculate -5 + 1 + 49 + (80 - 106).
19
What is the value of 2823 + -2855 + (35 - 2 - 1)?
0
Calculate (-50 - -20 - -8) + 43.
21
What is the value of 73 - (85 + (6 - 15))?
-3
(-97 - 13 - -82) + (33 - -4)
9
6 + -3 + 1 - (-33 + (-110 - -174))
-27
(-3 - -3) + -77 - ((-14 - 2) + -8 + 25)
-78
(88 - 17) + (-18 - 35)
18
What is 29 + -8 + 30 + -33 + 9?
27
Evaluate 18 - 42 - (1 + 23 + -30).
-18
Calculate -9688 - -9653 - (0 - (0 + -8)).
-43
Calculate (22 - 2) + -1 + (-4804 - -4820).
35
Evaluate (-22 - -37) + -24 + 2 + -7.
-14
Calculate (68 - 56) + (-6 - (-5 + 9)) + -64.
-62
What is the value of -131 - ((-21 - 100) + 55)?
-65
What is -11 + (-11 - 24) + 10 + 20 - 4?
-20
What is -26 - (-17 + -12 + 17)?
-14
What is -19 - (0 - (7 - -39)) - 86?
-59
What is (-1 + 4 - -12) + 66 + -26?
55
Calculate (-76 - -28) + 34 + -21 + -5.
-40
Evaluate -117 + 0 - (-67 - (-53 + (23 - 20))).
-100
What is the value of (23 - 40) + 14 + 1 + (-1 - -43)?
40
-11 + -15 - -29 - -39
42
(10 - 1) + ((8 - 3) + -11 - -38)
41